{"version":"1.0","provider_name":"Bureau de Tourisme de Chiny SI","provider_url":"https:\/\/chiny-tourisme.be\/nl\/","author_name":"Sabine Freson","author_url":"https:\/\/chiny-tourisme.be\/nl\/author\/sabine\/","title":"36 \u00e8me Festival interculturel du conte - Bureau de Tourisme de Chiny SI","type":"rich","width":600,"height":338,"html":"<blockquote class=\"wp-embedded-content\" data-secret=\"pUnkDZFFMH\"><a href=\"https:\/\/chiny-tourisme.be\/nl\/event-directory\/36-eme-festival-interculturel-du-conte\/\">36 \u00e8me Festival interculturel du conte<\/a><\/blockquote><iframe sandbox=\"allow-scripts\" security=\"restricted\" src=\"https:\/\/chiny-tourisme.be\/nl\/event-directory\/36-eme-festival-interculturel-du-conte\/embed\/#?secret=pUnkDZFFMH\" width=\"600\" height=\"338\" title=\"&#8220;36 \u00e8me Festival interculturel du conte&#8221; &#8212; Bureau de Tourisme de Chiny SI\" data-secret=\"pUnkDZFFMH\" frameborder=\"0\" marginwidth=\"0\" marginheight=\"0\" scrolling=\"no\" class=\"wp-embedded-content\"><\/iframe><script type=\"text\/javascript\">\n\/* <![CDATA[ *\/\n\/*! This file is auto-generated *\/\n!function(d,l){\"use strict\";l.querySelector&&d.addEventListener&&\"undefined\"!=typeof URL&&(d.wp=d.wp||{},d.wp.receiveEmbedMessage||(d.wp.receiveEmbedMessage=function(e){var t=e.data;if((t||t.secret||t.message||t.value)&&!\/[^a-zA-Z0-9]\/.test(t.secret)){for(var s,r,n,a=l.querySelectorAll('iframe[data-secret=\"'+t.secret+'\"]'),o=l.querySelectorAll('blockquote[data-secret=\"'+t.secret+'\"]'),c=new RegExp(\"^https?:$\",\"i\"),i=0;i<o.length;i++)o[i].style.display=\"none\";for(i=0;i<a.length;i++)s=a[i],e.source===s.contentWindow&&(s.removeAttribute(\"style\"),\"height\"===t.message?(1e3<(r=parseInt(t.value,10))?r=1e3:~~r<200&&(r=200),s.height=r):\"link\"===t.message&&(r=new URL(s.getAttribute(\"src\")),n=new URL(t.value),c.test(n.protocol))&&n.host===r.host&&l.activeElement===s&&(d.top.location.href=t.value))}},d.addEventListener(\"message\",d.wp.receiveEmbedMessage,!1),l.addEventListener(\"DOMContentLoaded\",function(){for(var e,t,s=l.querySelectorAll(\"iframe.wp-embedded-content\"),r=0;r<s.length;r++)(t=(e=s[r]).getAttribute(\"data-secret\"))||(t=Math.random().toString(36).substring(2,12),e.src+=\"#?secret=\"+t,e.setAttribute(\"data-secret\",t)),e.contentWindow.postMessage({message:\"ready\",secret:t},\"*\")},!1)))}(window,document);\n\/* ]]> *\/\n<\/script>\n","description":"36 \u00e8me Festival interculturel du conte Les 12 et 13 juillet 2025, la petite ville de Chiny s&#8217;appr\u00eate \u00e0 vibrer au rythme des mots et des r\u00e9cits pour sa 36e \u00e9dition du Festival Interculturel du Conte. Cette ann\u00e9e, le festival sera plus court sans que la qualit\u00e9 de la manifestation en soit affect\u00e9e. En effet [&hellip;]","thumbnail_url":"https:\/\/chiny-tourisme.be\/wp-content\/uploads\/2025\/05\/Festival_conte_36_72dpi.jpg","thumbnail_width":283,"thumbnail_height":401}

36 ème Festival interculturel du conte - Bureau de Tourisme de Chiny SI

<blockquote class="wp-embedded-content" data-secret="pUnkDZFFMH"><a href="https://chiny-tourisme.be/nl/event-directory/36-eme-festival-interculturel-du-conte/">36 ème Festival interculturel du conte</a></blockquote><iframe sandbox="allow-scripts" security="restricted" src="https://chiny-tourisme.be/nl/event-directory/36-eme-festival-interculturel-du-conte/embed/#?secret=pUnkDZFFMH" width="600" height="338" title="&#8220;36 ème Festival interculturel du conte&#8221; &#8212; Bureau de Tourisme de Chiny SI" data-secret="pUnkDZFFMH" frameborder="0" marginwidth="0" marginheight="0" scrolling="no" class="wp-embedded-content"></iframe><script type="text/javascript">
/* <![CDATA[ */
/*! This file is auto-generated */
!function(d,l){"use strict";l.querySelector&&d.addEventListener&&"undefined"!=typeof URL&&(d.wp=d.wp||{},d.wp.receiveEmbedMessage||(d.wp.receiveEmbedMessage=function(e){var t=e.data;if((t||t.secret||t.message||t.value)&&!/[^a-zA-Z0-9]/.test(t.secret)){for(var s,r,n,a=l.querySelectorAll('iframe[data-secret="'+t.secret+'"]'),o=l.querySelectorAll('blockquote[data-secret="'+t.secret+'"]'),c=new RegExp("^https?:$","i"),i=0;i<o.length;i++)o[i].style.display="none";for(i=0;i<a.length;i++)s=a[i],e.source===s.contentWindow&&(s.removeAttribute("style"),"height"===t.message?(1e3<(r=parseInt(t.value,10))?r=1e3:~~r<200&&(r=200),s.height=r):"link"===t.message&&(r=new URL(s.getAttribute("src")),n=new URL(t.value),c.test(n.protocol))&&n.host===r.host&&l.activeElement===s&&(d.top.location.href=t.value))}},d.addEventListener("message",d.wp.receiveEmbedMessage,!1),l.addEventListener("DOMContentLoaded",function(){for(var e,t,s=l.querySelectorAll("iframe.wp-embedded-content"),r=0;r<s.length;r++)(t=(e=s[r]).getAttribute("data-secret"))||(t=Math.random().toString(36).substring(2,12),e.src+="#?secret="+t,e.setAttribute("data-secret",t)),e.contentWindow.postMessage({message:"ready",secret:t},"*")},!1)))}(window,document);
/* ]]> */
</script>

36 ème Festival interculturel du conte Les 12 et 13 juillet 2025, la petite ville de Chiny s&#8217;apprête à vibrer au rythme des mots et des récits pour sa 36e édition du Festival Interculturel du Conte. Cette année, le festival sera plus court sans que la qualité de la manifestation en soit affectée. En effet [&hellip;]
