{"id":8073,"date":"2018-10-30T15:07:34","date_gmt":"2018-10-30T14:07:34","guid":{"rendered":"http:\/\/chiny-tourisme.be\/?post_type=ajde_events&#038;p=8073"},"modified":"2018-10-30T15:07:34","modified_gmt":"2018-10-30T14:07:34","slug":"conference-lemigration-des-metallurgistes-des-vallees-luxembourgeoises-vers-la-suede-au-17-eme-siecle-par-jean-pirotte","status":"publish","type":"ajde_events","link":"https:\/\/chiny-tourisme.be\/nl\/event-directory\/conference-lemigration-des-metallurgistes-des-vallees-luxembourgeoises-vers-la-suede-au-17-eme-siecle-par-jean-pirotte\/","title":{"rendered":"Conf\u00e9rence :&#8221; L&#8217;\u00e9migration des m\u00e9tallurgistes des vall\u00e9es luxembourgeoises vers la Su\u00e8de au 17 \u00e8me si\u00e8cle&#8221; par Jean Pirotte"},"content":{"rendered":"<h1>Conf\u00e9rence :&#8221; L&#8217;\u00e9migration des m\u00e9tallurgistes des vall\u00e9es luxembourgeoises vers la Su\u00e8de au 17 \u00e8me si\u00e8cle&#8221; par Jean Pirotte<\/h1>\n<div dir=\"ltr\">\n<div dir=\"ltr\">\n<div>\n<div style=\"font-size: small; text-decoration: none; font-family: 'Calibri'; font-weight: normal; color: #000000; font-style: normal; display: inline;\">\n<div style=\"font-size: 12pt; font-family: calibri,helvetica,sans-serif; color: #000000;\">\n<p style=\"font-size: 11pt; font-family: 'Calibri','sans-serif'; margin: 0cm 0cm 10pt; line-height: 115%;\"><span style=\"font-size: 12pt; font-family: 'Garamond','serif';\">Lors de cette conf\u00e9rence donn\u00e9e dans la salle de l\u2019\u00e9tage de la biblioth\u00e8que de Jamoigne, le samedi 10 novembre \u00e0 20h,\u00a0 Jean Pirotte, professeur \u00e9m\u00e9rite de l\u2019UCL, nous fera d\u00e9couvrir un pan m\u00e9connue de notre histoire.<\/span><\/p>\n<p style=\"font-size: 11pt; font-family: 'Calibri','sans-serif'; margin: 0cm 0cm 10pt; line-height: 115%;\"><span style=\"font-size: 12pt; font-family: 'Garamond','serif';\">Au d\u00e9but du 17\u00b0s, \u00e0 la demande des rois de Su\u00e8de, des artisans m\u00e9tallurgistes sp\u00e9cialis\u00e9s sont recrut\u00e9s dans nos vall\u00e9es luxembourgeoises pour aller implanter en Su\u00e8de la m\u00e9thode dite wallonne, contribuant au d\u00e9veloppement du pays. Encore actuellement, les descendants de ces pionniers, dont les patronymes t\u00e9moignent souvent de leurs origines, jouissent d\u2019une aura de dynamisme et de courage.<\/span><\/p>\n<p style=\"font-size: 11pt; font-family: 'Calibri','sans-serif'; text-align: justify; margin: 0cm 0cm 10pt; line-height: 115%;\"><span style=\"font-family: 'Garamond','serif';\">PAF : 4 \u20ac <\/span><\/p>\n<p style=\"font-family: 'Times New Roman','serif'; layout-grid-mode: char; text-align: justify; margin: 0cm 0cm 0pt;\"><span lang=\"FR\" style=\"font-family: 'Garamond','serif';\">Organisation : Cercle Brunehaut, pour la d\u00e9fense et la sauvegarde du patrimoine historique et naturel de la Ville de Chiny <\/span><span lang=\"FR\"><a><span style=\"font-family: 'Garamond','serif';\">&#x63;&#x65;&#x72;&#99;&#108;eb&#x72;&#x75;&#x6e;&#101;&#104;au&#x74;&#x63;&#x68;&#105;&#110;y&#64;&#x67;&#x6d;&#x61;&#105;&#108;&#46;c&#x6f;&#x6d;<\/span><\/a><\/span><span lang=\"FR\" style=\"font-family: 'Garamond','serif';\"> ou 0475\/47 12 83<\/span><\/p>\n<\/div>\n<\/div>\n<\/div>\n<\/div>\n<\/div>\n","protected":false},"author":2,"featured_media":0,"menu_order":0,"comment_status":"open","ping_status":"closed","template":"","meta":[],"tags":[],"event_type":[],"event_type_2":[329],"class_list":["post-8073","ajde_events","type-ajde_events","status-publish","hentry","event_location-bibliotheque-publique-de-jamoigne","event_organizer-cercle-brunehaut","event_type_2-autres-organisations"],"yoast_head":"<!-- This site is optimized with the Yoast SEO plugin v26.8 - https:\/\/yoast.com\/product\/yoast-seo-wordpress\/ -->\n<title>Conf\u00e9rence :&quot; L&#039;\u00e9migration des m\u00e9tallurgistes des vall\u00e9es luxembourgeoises vers la Su\u00e8de au 17 \u00e8me si\u00e8cle&quot; par Jean Pirotte - Bureau de Tourisme de Chiny SI<\/title>\n<meta name=\"robots\" content=\"index, follow, max-snippet:-1, max-image-preview:large, max-video-preview:-1\" \/>\n<link rel=\"canonical\" href=\"https:\/\/chiny-tourisme.be\/event-directory\/conference-lemigration-des-metallurgistes-des-vallees-luxembourgeoises-vers-la-suede-au-17-eme-siecle-par-jean-pirotte\/\" \/>\n<meta property=\"og:locale\" content=\"nl_NL\" \/>\n<meta property=\"og:type\" content=\"article\" \/>\n<meta property=\"og:title\" content=\"Conf\u00e9rence :&quot; L&#039;\u00e9migration des m\u00e9tallurgistes des vall\u00e9es luxembourgeoises vers la Su\u00e8de au 17 \u00e8me si\u00e8cle&quot; par Jean Pirotte - Bureau de Tourisme de Chiny SI\" \/>\n<meta property=\"og:description\" content=\"Conf\u00e9rence :&#8221; L&#8217;\u00e9migration des m\u00e9tallurgistes des vall\u00e9es luxembourgeoises vers la Su\u00e8de au 17 \u00e8me si\u00e8cle&#8221; par Jean Pirotte Lors de cette conf\u00e9rence donn\u00e9e dans la salle de l\u2019\u00e9tage de la biblioth\u00e8que de Jamoigne, le samedi 10 novembre \u00e0 20h,\u00a0 Jean Pirotte, professeur \u00e9m\u00e9rite de l\u2019UCL, nous fera d\u00e9couvrir un pan m\u00e9connue de notre histoire. Au [&hellip;]\" \/>\n<meta property=\"og:url\" content=\"https:\/\/chiny-tourisme.be\/event-directory\/conference-lemigration-des-metallurgistes-des-vallees-luxembourgeoises-vers-la-suede-au-17-eme-siecle-par-jean-pirotte\/\" \/>\n<meta property=\"og:site_name\" content=\"Bureau de Tourisme de Chiny SI\" \/>\n<meta property=\"article:publisher\" content=\"https:\/\/www.facebook.com\/ChinyTourisme\/\" \/>\n<meta property=\"og:image\" content=\"https:\/\/chiny-tourisme.be\/wp-content\/uploads\/2015\/08\/Logo-Bureau-du-Tourisme-Chiny-grand-1500.png\" \/>\n\t<meta property=\"og:image:width\" content=\"300\" \/>\n\t<meta property=\"og:image:height\" content=\"149\" \/>\n\t<meta property=\"og:image:type\" content=\"image\/png\" \/>\n<meta name=\"twitter:card\" content=\"summary_large_image\" \/>\n<meta name=\"twitter:label1\" content=\"Geschatte leestijd\" \/>\n\t<meta name=\"twitter:data1\" content=\"1 minuut\" \/>\n<script type=\"application\/ld+json\" class=\"yoast-schema-graph\">{\"@context\":\"https:\/\/schema.org\",\"@graph\":[{\"@type\":\"WebPage\",\"@id\":\"https:\/\/chiny-tourisme.be\/event-directory\/conference-lemigration-des-metallurgistes-des-vallees-luxembourgeoises-vers-la-suede-au-17-eme-siecle-par-jean-pirotte\/\",\"url\":\"https:\/\/chiny-tourisme.be\/event-directory\/conference-lemigration-des-metallurgistes-des-vallees-luxembourgeoises-vers-la-suede-au-17-eme-siecle-par-jean-pirotte\/\",\"name\":\"Conf\u00e9rence :\\\" L'\u00e9migration des m\u00e9tallurgistes des vall\u00e9es luxembourgeoises vers la Su\u00e8de au 17 \u00e8me si\u00e8cle\\\" par Jean Pirotte - Bureau de Tourisme de Chiny SI\",\"isPartOf\":{\"@id\":\"https:\/\/chiny-tourisme.be\/#website\"},\"datePublished\":\"2018-10-30T14:07:34+00:00\",\"breadcrumb\":{\"@id\":\"https:\/\/chiny-tourisme.be\/event-directory\/conference-lemigration-des-metallurgistes-des-vallees-luxembourgeoises-vers-la-suede-au-17-eme-siecle-par-jean-pirotte\/#breadcrumb\"},\"inLanguage\":\"nl-NL\",\"potentialAction\":[{\"@type\":\"ReadAction\",\"target\":[\"https:\/\/chiny-tourisme.be\/event-directory\/conference-lemigration-des-metallurgistes-des-vallees-luxembourgeoises-vers-la-suede-au-17-eme-siecle-par-jean-pirotte\/\"]}]},{\"@type\":\"BreadcrumbList\",\"@id\":\"https:\/\/chiny-tourisme.be\/event-directory\/conference-lemigration-des-metallurgistes-des-vallees-luxembourgeoises-vers-la-suede-au-17-eme-siecle-par-jean-pirotte\/#breadcrumb\",\"itemListElement\":[{\"@type\":\"ListItem\",\"position\":1,\"name\":\"Accueil\",\"item\":\"https:\/\/chiny-tourisme.be\/nl\/\"},{\"@type\":\"ListItem\",\"position\":2,\"name\":\"Events\",\"item\":\"https:\/\/chiny-tourisme.be\/event-directory\/\"},{\"@type\":\"ListItem\",\"position\":3,\"name\":\"Conf\u00e9rence :\u00a0\u00bb L&rsquo;\u00e9migration des m\u00e9tallurgistes des vall\u00e9es luxembourgeoises vers la Su\u00e8de au 17 \u00e8me si\u00e8cle\u00a0\u00bb par Jean Pirotte\"}]},{\"@type\":\"WebSite\",\"@id\":\"https:\/\/chiny-tourisme.be\/#website\",\"url\":\"https:\/\/chiny-tourisme.be\/\",\"name\":\"Bureau de Tourisme de Chiny SI\",\"description\":\"Le centre d&#039;information \u00e0 Chiny-village\",\"potentialAction\":[{\"@type\":\"SearchAction\",\"target\":{\"@type\":\"EntryPoint\",\"urlTemplate\":\"https:\/\/chiny-tourisme.be\/?s={search_term_string}\"},\"query-input\":{\"@type\":\"PropertyValueSpecification\",\"valueRequired\":true,\"valueName\":\"search_term_string\"}}],\"inLanguage\":\"nl-NL\"}]}<\/script>\n<!-- \/ Yoast SEO plugin. -->","yoast_head_json":{"title":"Conf\u00e9rence :\" L'\u00e9migration des m\u00e9tallurgistes des vall\u00e9es luxembourgeoises vers la Su\u00e8de au 17 \u00e8me si\u00e8cle\" par Jean Pirotte - Bureau de Tourisme de Chiny SI","robots":{"index":"index","follow":"follow","max-snippet":"max-snippet:-1","max-image-preview":"max-image-preview:large","max-video-preview":"max-video-preview:-1"},"canonical":"https:\/\/chiny-tourisme.be\/event-directory\/conference-lemigration-des-metallurgistes-des-vallees-luxembourgeoises-vers-la-suede-au-17-eme-siecle-par-jean-pirotte\/","og_locale":"nl_NL","og_type":"article","og_title":"Conf\u00e9rence :\" L'\u00e9migration des m\u00e9tallurgistes des vall\u00e9es luxembourgeoises vers la Su\u00e8de au 17 \u00e8me si\u00e8cle\" par Jean Pirotte - Bureau de Tourisme de Chiny SI","og_description":"Conf\u00e9rence :&#8221; L&#8217;\u00e9migration des m\u00e9tallurgistes des vall\u00e9es luxembourgeoises vers la Su\u00e8de au 17 \u00e8me si\u00e8cle&#8221; par Jean Pirotte Lors de cette conf\u00e9rence donn\u00e9e dans la salle de l\u2019\u00e9tage de la biblioth\u00e8que de Jamoigne, le samedi 10 novembre \u00e0 20h,\u00a0 Jean Pirotte, professeur \u00e9m\u00e9rite de l\u2019UCL, nous fera d\u00e9couvrir un pan m\u00e9connue de notre histoire. Au [&hellip;]","og_url":"https:\/\/chiny-tourisme.be\/event-directory\/conference-lemigration-des-metallurgistes-des-vallees-luxembourgeoises-vers-la-suede-au-17-eme-siecle-par-jean-pirotte\/","og_site_name":"Bureau de Tourisme de Chiny SI","article_publisher":"https:\/\/www.facebook.com\/ChinyTourisme\/","og_image":[{"width":300,"height":149,"url":"https:\/\/chiny-tourisme.be\/wp-content\/uploads\/2015\/08\/Logo-Bureau-du-Tourisme-Chiny-grand-1500.png","type":"image\/png"}],"twitter_card":"summary_large_image","twitter_misc":{"Geschatte leestijd":"1 minuut"},"schema":{"@context":"https:\/\/schema.org","@graph":[{"@type":"WebPage","@id":"https:\/\/chiny-tourisme.be\/event-directory\/conference-lemigration-des-metallurgistes-des-vallees-luxembourgeoises-vers-la-suede-au-17-eme-siecle-par-jean-pirotte\/","url":"https:\/\/chiny-tourisme.be\/event-directory\/conference-lemigration-des-metallurgistes-des-vallees-luxembourgeoises-vers-la-suede-au-17-eme-siecle-par-jean-pirotte\/","name":"Conf\u00e9rence :\" L'\u00e9migration des m\u00e9tallurgistes des vall\u00e9es luxembourgeoises vers la Su\u00e8de au 17 \u00e8me si\u00e8cle\" par Jean Pirotte - Bureau de Tourisme de Chiny SI","isPartOf":{"@id":"https:\/\/chiny-tourisme.be\/#website"},"datePublished":"2018-10-30T14:07:34+00:00","breadcrumb":{"@id":"https:\/\/chiny-tourisme.be\/event-directory\/conference-lemigration-des-metallurgistes-des-vallees-luxembourgeoises-vers-la-suede-au-17-eme-siecle-par-jean-pirotte\/#breadcrumb"},"inLanguage":"nl-NL","potentialAction":[{"@type":"ReadAction","target":["https:\/\/chiny-tourisme.be\/event-directory\/conference-lemigration-des-metallurgistes-des-vallees-luxembourgeoises-vers-la-suede-au-17-eme-siecle-par-jean-pirotte\/"]}]},{"@type":"BreadcrumbList","@id":"https:\/\/chiny-tourisme.be\/event-directory\/conference-lemigration-des-metallurgistes-des-vallees-luxembourgeoises-vers-la-suede-au-17-eme-siecle-par-jean-pirotte\/#breadcrumb","itemListElement":[{"@type":"ListItem","position":1,"name":"Accueil","item":"https:\/\/chiny-tourisme.be\/nl\/"},{"@type":"ListItem","position":2,"name":"Events","item":"https:\/\/chiny-tourisme.be\/event-directory\/"},{"@type":"ListItem","position":3,"name":"Conf\u00e9rence :\u00a0\u00bb L&rsquo;\u00e9migration des m\u00e9tallurgistes des vall\u00e9es luxembourgeoises vers la Su\u00e8de au 17 \u00e8me si\u00e8cle\u00a0\u00bb par Jean Pirotte"}]},{"@type":"WebSite","@id":"https:\/\/chiny-tourisme.be\/#website","url":"https:\/\/chiny-tourisme.be\/","name":"Bureau de Tourisme de Chiny SI","description":"Le centre d&#039;information \u00e0 Chiny-village","potentialAction":[{"@type":"SearchAction","target":{"@type":"EntryPoint","urlTemplate":"https:\/\/chiny-tourisme.be\/?s={search_term_string}"},"query-input":{"@type":"PropertyValueSpecification","valueRequired":true,"valueName":"search_term_string"}}],"inLanguage":"nl-NL"}]}},"_links":{"self":[{"href":"https:\/\/chiny-tourisme.be\/nl\/wp-json\/wp\/v2\/ajde_events\/8073","targetHints":{"allow":["GET"]}}],"collection":[{"href":"https:\/\/chiny-tourisme.be\/nl\/wp-json\/wp\/v2\/ajde_events"}],"about":[{"href":"https:\/\/chiny-tourisme.be\/nl\/wp-json\/wp\/v2\/types\/ajde_events"}],"author":[{"embeddable":true,"href":"https:\/\/chiny-tourisme.be\/nl\/wp-json\/wp\/v2\/users\/2"}],"replies":[{"embeddable":true,"href":"https:\/\/chiny-tourisme.be\/nl\/wp-json\/wp\/v2\/comments?post=8073"}],"wp:attachment":[{"href":"https:\/\/chiny-tourisme.be\/nl\/wp-json\/wp\/v2\/media?parent=8073"}],"wp:term":[{"taxonomy":"post_tag","embeddable":true,"href":"https:\/\/chiny-tourisme.be\/nl\/wp-json\/wp\/v2\/tags?post=8073"},{"taxonomy":"event_type","embeddable":true,"href":"https:\/\/chiny-tourisme.be\/nl\/wp-json\/wp\/v2\/event_type?post=8073"},{"taxonomy":"event_type_2","embeddable":true,"href":"https:\/\/chiny-tourisme.be\/nl\/wp-json\/wp\/v2\/event_type_2?post=8073"}],"curies":[{"name":"wp","href":"https:\/\/api.w.org\/{rel}","templated":true}]}}

Conférence :&#8221; L&#8217;émigration des métallurgistes des vallées luxembourgeoises vers la Suède au 17 ème siècle&#8221; par Jean Pirotte

<h1>Conférence :&#8221; L&#8217;émigration des métallurgistes des vallées luxembourgeoises vers la Suède au 17 ème siècle&#8221; par Jean Pirotte</h1>
<div dir="ltr">
<div dir="ltr">
<div>
<div style="font-size: small; text-decoration: none; font-family: 'Calibri'; font-weight: normal; color: #000000; font-style: normal; display: inline;">
<div style="font-size: 12pt; font-family: calibri,helvetica,sans-serif; color: #000000;">
<p style="font-size: 11pt; font-family: 'Calibri','sans-serif'; margin: 0cm 0cm 10pt; line-height: 115%;"><span style="font-size: 12pt; font-family: 'Garamond','serif';">Lors de cette conférence donnée dans la salle de l’étage de la bibliothèque de Jamoigne, le samedi 10 novembre à 20h,  Jean Pirotte, professeur émérite de l’UCL, nous fera découvrir un pan méconnue de notre histoire.</span></p>
<p style="font-size: 11pt; font-family: 'Calibri','sans-serif'; margin: 0cm 0cm 10pt; line-height: 115%;"><span style="font-size: 12pt; font-family: 'Garamond','serif';">Au début du 17°s, à la demande des rois de Suède, des artisans métallurgistes spécialisés sont recrutés dans nos vallées luxembourgeoises pour aller implanter en Suède la méthode dite wallonne, contribuant au développement du pays. Encore actuellement, les descendants de ces pionniers, dont les patronymes témoignent souvent de leurs origines, jouissent d’une aura de dynamisme et de courage.</span></p>
<p style="font-size: 11pt; font-family: 'Calibri','sans-serif'; text-align: justify; margin: 0cm 0cm 10pt; line-height: 115%;"><span style="font-family: 'Garamond','serif';">PAF : 4 € </span></p>
<p style="font-family: 'Times New Roman','serif'; layout-grid-mode: char; text-align: justify; margin: 0cm 0cm 0pt;"><span lang="FR" style="font-family: 'Garamond','serif';">Organisation : Cercle Brunehaut, pour la défense et la sauvegarde du patrimoine historique et naturel de la Ville de Chiny </span><span lang="FR"><a><span style="font-family: 'Garamond','serif';">&#x63;&#x65;&#x72;&#99;&#108;eb&#x72;&#x75;&#x6e;&#101;&#104;au&#x74;&#x63;&#x68;&#105;&#110;y&#64;&#x67;&#x6d;&#x61;&#105;&#108;&#46;c&#x6f;&#x6d;</span></a></span><span lang="FR" style="font-family: 'Garamond','serif';"> ou 0475/47 12 83</span></p>
</div>
</div>
</div>
</div>
</div>

<!-- This site is optimized with the Yoast SEO plugin v26.8 - https://yoast.com/product/yoast-seo-wordpress/ -->
<title>Conférence :&quot; L&#039;émigration des métallurgistes des vallées luxembourgeoises vers la Suède au 17 ème siècle&quot; par Jean Pirotte - Bureau de Tourisme de Chiny SI</title>
<meta name="robots" content="index, follow, max-snippet:-1, max-image-preview:large, max-video-preview:-1" />
<link rel="canonical" href="https://chiny-tourisme.be/event-directory/conference-lemigration-des-metallurgistes-des-vallees-luxembourgeoises-vers-la-suede-au-17-eme-siecle-par-jean-pirotte/" />
<meta property="og:locale" content="nl_NL" />
<meta property="og:type" content="article" />
<meta property="og:title" content="Conférence :&quot; L&#039;émigration des métallurgistes des vallées luxembourgeoises vers la Suède au 17 ème siècle&quot; par Jean Pirotte - Bureau de Tourisme de Chiny SI" />
<meta property="og:description" content="Conférence :&#8221; L&#8217;émigration des métallurgistes des vallées luxembourgeoises vers la Suède au 17 ème siècle&#8221; par Jean Pirotte Lors de cette conférence donnée dans la salle de l’étage de la bibliothèque de Jamoigne, le samedi 10 novembre à 20h,  Jean Pirotte, professeur émérite de l’UCL, nous fera découvrir un pan méconnue de notre histoire. Au [&hellip;]" />
<meta property="og:url" content="https://chiny-tourisme.be/event-directory/conference-lemigration-des-metallurgistes-des-vallees-luxembourgeoises-vers-la-suede-au-17-eme-siecle-par-jean-pirotte/" />
<meta property="og:site_name" content="Bureau de Tourisme de Chiny SI" />
<meta property="article:publisher" content="https://www.facebook.com/ChinyTourisme/" />
<meta property="og:image" content="https://chiny-tourisme.be/wp-content/uploads/2015/08/Logo-Bureau-du-Tourisme-Chiny-grand-1500.png" />
	<meta property="og:image:width" content="300" />
	<meta property="og:image:height" content="149" />
	<meta property="og:image:type" content="image/png" />
<meta name="twitter:card" content="summary_large_image" />
<meta name="twitter:label1" content="Geschatte leestijd" />
	<meta name="twitter:data1" content="1 minuut" />
<script type="application/ld+json" class="yoast-schema-graph">{"@context":"https://schema.org","@graph":[{"@type":"WebPage","@id":"https://chiny-tourisme.be/event-directory/conference-lemigration-des-metallurgistes-des-vallees-luxembourgeoises-vers-la-suede-au-17-eme-siecle-par-jean-pirotte/","url":"https://chiny-tourisme.be/event-directory/conference-lemigration-des-metallurgistes-des-vallees-luxembourgeoises-vers-la-suede-au-17-eme-siecle-par-jean-pirotte/","name":"Conférence :\" L'émigration des métallurgistes des vallées luxembourgeoises vers la Suède au 17 ème siècle\" par Jean Pirotte - Bureau de Tourisme de Chiny SI","isPartOf":{"@id":"https://chiny-tourisme.be/#website"},"datePublished":"2018-10-30T14:07:34+00:00","breadcrumb":{"@id":"https://chiny-tourisme.be/event-directory/conference-lemigration-des-metallurgistes-des-vallees-luxembourgeoises-vers-la-suede-au-17-eme-siecle-par-jean-pirotte/#breadcrumb"},"inLanguage":"nl-NL","potentialAction":[{"@type":"ReadAction","target":["https://chiny-tourisme.be/event-directory/conference-lemigration-des-metallurgistes-des-vallees-luxembourgeoises-vers-la-suede-au-17-eme-siecle-par-jean-pirotte/"]}]},{"@type":"BreadcrumbList","@id":"https://chiny-tourisme.be/event-directory/conference-lemigration-des-metallurgistes-des-vallees-luxembourgeoises-vers-la-suede-au-17-eme-siecle-par-jean-pirotte/#breadcrumb","itemListElement":[{"@type":"ListItem","position":1,"name":"Accueil","item":"https://chiny-tourisme.be/nl/"},{"@type":"ListItem","position":2,"name":"Events","item":"https://chiny-tourisme.be/event-directory/"},{"@type":"ListItem","position":3,"name":"Conférence : » L&rsquo;émigration des métallurgistes des vallées luxembourgeoises vers la Suède au 17 ème siècle » par Jean Pirotte"}]},{"@type":"WebSite","@id":"https://chiny-tourisme.be/#website","url":"https://chiny-tourisme.be/","name":"Bureau de Tourisme de Chiny SI","description":"Le centre d&#039;information à Chiny-village","potentialAction":[{"@type":"SearchAction","target":{"@type":"EntryPoint","urlTemplate":"https://chiny-tourisme.be/?s={search_term_string}"},"query-input":{"@type":"PropertyValueSpecification","valueRequired":true,"valueName":"search_term_string"}}],"inLanguage":"nl-NL"}]}</script>
<!-- / Yoast SEO plugin. -->

Conférence :" L'émigration des métallurgistes des vallées luxembourgeoises vers la Suède au 17 ème siècle" par Jean Pirotte - Bureau de Tourisme de Chiny SI

Conférence :&#8221; L&#8217;émigration des métallurgistes des vallées luxembourgeoises vers la Suède au 17 ème siècle&#8221; par Jean Pirotte Lors de cette conférence donnée dans la salle de l’étage de la bibliothèque de Jamoigne, le samedi 10 novembre à 20h,  Jean Pirotte, professeur émérite de l’UCL, nous fera découvrir un pan méconnue de notre histoire. Au [&hellip;]

Conférence : » L&rsquo;émigration des métallurgistes des vallées luxembourgeoises vers la Suède au 17 ème siècle » par Jean Pirotte

Le centre d&#039;information à Chiny-village
